m(v).
3
Suppose 0 = -4*j - 5*a + 41 + 4, -5*j = 3*a - 66. Suppose v + 7 = j. List the prime factors of v.
2
Suppose -2*l = 6, 3*k - 12 = 4*k + 5*l. Suppose -k*p + 10 = -p. Suppose 5*m - o = o + 75, p*m - o = 75. List the prime factors of m.
3, 5
Let i(m) = m**2 - 7*m - 8. Let y = -17 - -25. Let v be i(y). Suppose a - 3 = -v. List the prime factors of a.
3
Let r = -19 - -91. List the prime factors of r.
2, 3
Suppose j + 5*s = 44, 0*j + 4*s - 94 = -2*j. List the prime factors of j.
7
Let o(q) = -q**2 + 9*q - 5. Let n be o(8). Suppose -73 = -n*t + 23. List the prime factors of t.
2
Suppose -70 = -2*o - 5*b, 5 = 3*b - 1. List the prime factors of o.
2, 3, 5
Suppose -5*k + 5 = 5*y, 0*k + 4*k - y = 4. Let q be 13 - 0/(-3*k). Let c = 20 - q. List the prime factors of c.
7
Let y be 1062/(-26) - (-10)/(-65). Let f = 60 + y. List the prime factors of f.
19
Let y(c) = -c**3 - 10*c**2 - 11*c - 1. Let x be y(-9). Let v = -10 + x. What are the prime factors of v?
7
Suppose -3*j = -16 - 35. Suppose -5 + j = 4*p. List the prime factors of p.
3
Let n(c) = -5*c - 9. Let q(x) = x**3 - 3*x**2 - 2*x - 2. Let u be q(3). List the prime factors of n(u).
31
Let p(k) = 8*k**2 + 0 - k**2 - 4 + k**3. Let y be p(-7). Let a = 12 + y. List the prime factors of a.
2
Suppose -2*b + 1 = -3*b. Let j be -2 + b + -1 + 6. Suppose 5*m - j = 4*m. List the prime factors of m.
2
Suppose -q + 88 = q. Let x = -11 - -39. Let g = q - x. What are the prime factors of g?
2
Let j(x) = -x**3 + 2*x**2 - x + 1. What are the prime factors of j(-2)?
19
Let x be (-1)/(3/2)*-9. Let s(o) = o**2 - 6*o - 1. Let h be s(x). Let d(t) = -17*t - 1. What are the prime factors of d(h)?
2
Let o = -13 - -18. Suppose 2*d + o*r - 3*r + 6 = 0, 5*r + 35 = 5*d. Suppose u = d*n - 14, -2*n + 4 + 6 = -2*u. What are the prime factors of n?
3
Suppose 0 = -4*m + 19 + 17. Let o(l) = l - 1. What are the prime factors of o(m)?
2
Let z = 42 + -23. What are the prime factors of z?
19
Suppose x - 24 = 3*g, 6*g - 2*g - 25 = -5*x. What are the prime factors of x/(-5 + 2) - -20?
17
Suppose -3*i + 27 = 3*d, -d + 3 - 7 = 0. What are the prime factors of i?
13
Let k = -46 + 91. List the prime factors of k.
3, 5
Suppose 0 = -4*p + 5*p - 3. Suppose 4*m - 9 = -3*v + 84, -p*v + 2*m = -75. List the prime factors of v.
3
Suppose -17 = -3*z + 7. Suppose 0 = y - z + 2. Let v(c) = -c**3 + 7*c**2 - 5*c + 4. What are the prime factors of v(y)?
2, 5
Let d(p) = -p**3 - 5*p**2 + 11*p + 16. What are the prime factors of d(-7)?
37
Suppose 0 = -0*k + 3*k - 21. Let s(m) be the second derivative of m**4/12 - 5*m**3/6 - m**2 - 2*m. What are the prime factors of s(k)?
2, 3
Let i(x) = x**2 + 2*x - 9. Let t be i(-11). Let a = 137 - t. What are the prime factors of a?
47
Suppose -o = -4*r - 33, 5*o + 2*r = 5*r + 148. Suppose h - o = -u - 4*h, -5*u = -2*h - 91. What are the prime factors of u?
19
Suppose -3*z + 4*z - 4 = 0. Suppose -2*h = -0*h - x - 37, 5*h - z*x - 100 = 0. Suppose -h = -2*v + 8. What are the prime factors of v?
2, 3
Let h be (6/4)/((-39)/(-52)). What are the prime factors of (4 - h)*(-5)/(-2)?
5
Suppose 3*l = 5*r + 22, -4*r + 5 + 3 = 4*l. What are the prime factors of (25/r)/((-1)/2)?
5
Let p(j) = -j + 6. Let c be (16/10)/((-6)/(-15)). Suppose 2*q = 4*o - 32, 4 = 2*q + c*o - 4. What are the prime factors of p(q)?
2, 3
Let t = 31 - 54. Let y = -15 - t. List the prime factors of y.
2
Suppose -3*n + 3 = l, -3 = 2*l + 3*n - 9. Suppose -64 = -5*h + 2*h - 5*r, -l*h = -r - 70. What are the prime factors of h?
23
Suppose -2*y - 2*g = -4*y + 134, 70 = y - 2*g. Suppose -d - q + y = d, 3*d + 5*q = 96. List the prime factors of d.
2
Let t = -13 + 16. Suppose 0*j + 4*z - 102 = -2*j, 3*z + 117 = t*j. What are the prime factors of j?
43
Let v = -4 + 19. List the prime factors of v + 1/2*6.
2, 3
Suppose 4*q - 63 = 181. List the prime factors of q.
61
Let s be 1/(6/(-9))*2. Let j(r) = r**2 + 3*r + r**2 + r + 2. List the prime factors of j(s).
2
Suppose i + 0 = 4. Let u = -4 + i. Let v = u + 11. List the prime factors of v.
11
Let k = -6 - -15. List the prime factors of k.
3
Let u(t) = 10*t**2 + 8*t. List the prime factors of u(-4).
2
Suppose -147 - 125 = -4*u. List the prime factors of u.
2, 17
Suppose 90 = 6*l - 24. What are the prime factors of l?
19
Suppose -530 = 4*y - 9*y. What are the prime factors of y?
2, 53
Suppose 5*z = 69 - 29. Suppose 2*n - 2 + z = 0, 0 = -2*q + 3*n + 25. What are the prime factors of q?
2
Suppose 0*g + 1188 = 3*g. Suppose m + 3*b + 163 = -m, -5*m + 4*b = g. List the prime factors of (10/25)/((-2)/m).
2
Suppose 3*f = -4*r + 86, 5*r - f - 96 = f. Suppose -3*j + j = -r. What are the prime factors of j?
2, 5
List the prime factors of 4/(-14) + (-975)/(-105).
3
Let n = 0 - -3. Suppose 5*q - n = 62. What are the prime factors of q?
13
Let z(m) = -m**2 - 15*m - 15. List the prime factors of z(-12).
3, 7
Let x(h) be the first derivative of -1/3*h**3 - 1 + 1/2*h**2 + 2*h. List the prime factors of x(0).
2
Suppose 0 = -7*d + 6*d + 23. What are the prime factors of d?
23
Let b(d) = d + 2. Let m(j) = 7*j + 13. Let v(t) = -39*b(t) + 6*m(t). List the prime factors of v(7).
3, 7
Let y(h) = -2*h**3 - 3*h**2 - 2*h - 2. Let b = -8 + 6. What are the prime factors of y(b)?
2, 3
Suppose -2*d - 85 = 5*c + 3*d, 0 = -2*d - 10. Let f = 20 + c. List the prime factors of 26/4*f/4.
13
List the prime factors of 34*(2 - (-3)/(-2 + -1)).
2, 17
Let o(w) = -29*w + 31. What are the prime factors of o(-6)?
5, 41
Let a = -8 - -5. Let z = a + 7. What are the prime factors of z?
2
Let m(a) = -a**3 + 5*a**2 - 2*a - 1. List the prime factors of m(3).
11
Let d(l) = 2*l**2 + 13*l + 2. Let c(p) = -p**2 - 7*p - 1. Let g(k) = 5*c(k) + 3*d(k). Suppose 0 = -8*x - 32 - 8. What are the prime factors of g(x)?
2, 3
Let k(s) = -4*s - 33. Let t be k(-9). Let p = 5 - 1. Suppose 3*i - 23 = -t*n - n, 0 = -p*n - 4. List the prime factors of i.
3
Let r(l) = 34*l**2 + 7*l + 9. What are the prime factors of r(-2)?
131
Let g = 2 + 0. Suppose j + 4*b = g*j - 6, 46 = 5*j - 4*b. List the prime factors of j.
2, 5
Let l(z) = -4*z - 3. List the prime factors of l(-5).
17
Let q(j) = -2*j + 3. Let m = -7 - -1. Let z be q(m). Let c = z - 10. What are the prime factors of c?
5
Let b = -1 + -1. Let c(p) = -22*p - 2. Let u be c(b). Suppose 3*i + 12 = u. What are the prime factors of i?
2, 5
Let n = 159 + 14. List the prime factors of n.
173
Suppose 2*j = 1 + 1, 0 = 5*x - 5*j + 190. Let u = 54 + x. List the prime factors of u.
17
Let h(z) = 2*z**3 + 4*z**2 - 4*z + 2. What are the prime factors of h(3)?
2, 5
Let g be -5*-6*6/45. Suppose -g*o = -0*o - 128. List the prime factors of o.
2
Let n be -10*1*(-11)/22. Suppose -n*u + 34 - 4 = 0. List the prime factors of u.
2, 3
List the prime factors of (1/2)/(12/504).
3, 7
Suppose -4*t = -i, 0 + 2 = i - 5*t. Let o(z) = -3*z - 6. Let b be o(i). Suppose 0 = -c - 3, l - 6 - b = 2*c. What are the prime factors of l?
2, 3
Suppose -2*y = 1 - 3. Let p be (0 + -4)/(-2 + y). List the prime factors of (1 - 0) + 24/p.
7
Suppose 0*d - 3 = -d. Suppose -5*r + 9 = 2*y - d*y, -5*y - 4*r = -71. Let l = y + 6. List the prime factors of l.
17
Let u(v) = v**2 + 3*v + 4. Let j(l) = 5*l**2 + 13*l + 16. Let y(t) = 2*j(t) - 9*u(t). Let a be y(3). Let c = 6 - a. List the prime factors of c.
2
Let v = -3 + -17. Let b = v + -2. Let r = -6 - b. What are the prime factors of r?
2
Let x(y) = y**2 + 5*y + 3. Let t be x(-5). Suppose -2*a = 5*w - 14, -t*a + a = -5*w + 26. Let j = w + 11. What are the prime factors of j?
3, 5
Suppose 4 - 9 = -n. Suppose 5*f + 0 - n = 5*p, 5*f = 2*p + 11. List the prime factors of 12/f + -1 + 7.
2, 5
Let t(i) = i**2 - 5*i + 4. Let j be t(5). Suppose -39 = -5*p - j*y, 3*y - 32 = -3*p - p. List the prime factors of p.
11
Let l be ((-1)/3)/(3/(-18)). Suppose -14 - 12 = -l*r. List the prime factors of r.
13
Let s be 1 + -3 + 1 + 0. Let m be s + 3 - -4*8. Suppose 4*c + 4*v = 68, -2*c - v - 5 + m = 0. List the prime factors of c.
2, 3
Suppose -50 = 2*l - 7*l. Let c = l - 6. What are the prime factors of (-28)/c*(1 + -2)?
7
Let d(v) be the third derivative of v**6/120 - v**5/12 + v**4/4 - v**3/6 - 2*v**2. List the prime factors of d(4).
7
Let u(b) be the first derivative of b**4/4 - b**3 - b**2/2 + 4*b - 5. Let s be (-28)/(-6) - (-4)/(-6). What are the prime f